077 is divided by 376.
373
Calculate the remainder when 7808 is divided by 1950.
8
Calculate the remainder when 84085 is divided by 84065.
20
Calculate the remainder when 8791 is divided by 1255.
6
Calculate the remainder when 14360 is divided by 624.
8
Calculate the remainder when 1108 is divided by 5.
3
Calculate the remainder when 66619 is divided by 6.
1
Calculate the remainder when 13342 is divided by 678.
460
What is the remainder when 1954 is divided by 271?
57
What is the remainder when 250823 is divided by 83605?
8
Calculate the remainder when 14705 is divided by 7349.
7
What is the remainder when 1840 is divided by 244?
132
What is the remainder when 147269 is divided by 18?
11
Calculate the remainder when 12386 is divided by 214.
188
What is the remainder when 18872 is divided by 4715?
12
What is the remainder when 26503 is divided by 19?
17
Calculate the remainder when 2628 is divided by 371.
31
What is the remainder when 1989 is divided by 392?
29
What is the remainder when 7672 is divided by 32?
24
What is the remainder when 311238 is divided by 74?
68
Calculate the remainder when 1919805 is divided by 396.
393
What is the remainder when 11792 is divided by 152?
88
What is the remainder when 61149 is divided by 46?
15
Calculate the remainder when 3412 is divided by 27.
10
Calculate the remainder when 7052 is divided by 885.
857
What is the remainder when 4025031 is divided by 501?
498
Calculate the remainder when 38974 is divided by 213.
208
Calculate the remainder when 50238 is divided by 207.
144
Calculate the remainder when 13924 is divided by 960.
484
Calculate the remainder when 74966 is divided by 2498.
26
Calculate the remainder when 261734 is divided by 1086.
8
Calculate the remainder when 13562 is divided by 78.
68
Calculate the remainder when 11154 is divided by 286.
0
Calculate the remainder when 114458 is divided by 122.
22
What is the remainder when 33036 is divided by 493?
5
What is the remainder when 11933 is divided by 5951?
31
What is the remainder when 38735 is divided by 94?
7
What is the remainder when 1315 is divided by 617?
81
What is the remainder when 10031 is divided by 557?
5
Calculate the remainder when 8746 is divided by 92.
6
What is the remainder when 41704 is divided by 380?
284
Calculate the remainder when 855 is divided by 84.
15
What is the remainder when 15467 is divided by 43?
30
What is the remainder when 2339 is divided by 422?
229
What is the remainder when 12424 is divided by 489?
199
Calculate the remainder when 8394 is divided by 4125.
144
What is the remainder when 3394 is divided by 1674?
46
What is the remainder when 9108 is divided by 1513?
30
Calculate the remainder when 52222 is divided by 1135.
12
What is the remainder when 470526 is divided by 64?
62
What is the remainder when 5655824 is divided by 147?
146
What is the remainder when 2519 is divided by 10?
9
Calculate the remainder when 28312 is divided by 19.
2
What is the remainder when 3379 is divided by 36?
31
Calculate the remainder when 1183 is divided by 155.
98
Calculate the remainder when 494528 is divided by 313.
301
Calculate the remainder when 12831 is divided by 107.
98
What is the remainder when 1566466 is divided by 409?
405
What is the remainder when 338166 is divided by 4?
2
Calculate the remainder when 11586 is divided by 292.
198
What is the remainder when 963006 is divided by 200?
6
What is the remainder when 37613 is divided by 22?
15
Calculate the remainder when 7536 is divided by 67.
32
Calculate the remainder when 142996 is divided by 54.
4
Calculate the remainder when 2209 is divided by 490.
249
Calculate the remainder when 4088 is divided by 784.
168
What is the remainder when 1800 is divided by 415?
140
What is the remainder when 2696 is divided by 665?
36
Calculate the remainder when 129921 is divided by 109.
102
Calculate the remainder when 843532 is divided by 49.
46
Calculate the remainder when 570276 is divided by 190092.
0
What is the remainder when 5070033 is divided by 76?
73
Calculate the remainder when 30846 is divided by 1711.
48
Calculate the remainder when 53289 is divided by 13321.
5
Calculate the remainder when 1038047 is divided by 352.
351
Calculate the remainder when 8872 is divided by 4102.
668
Calculate the remainder when 38079 is divided by 274.
267
Calculate the remainder when 69547 is divided by 63.
58
Calculate the remainder when 30714 is divided by 3.
0
Calculate the remainder when 22002 is divided by 688.
674
What is the remainder when 4986 is divided by 2?
0
What is the remainder when 10274 is divided by 30?
14
What is the remainder when 21289 is divided by 100?
89
What is the remainder when 27326 is divided by 2097?
65
Calculate the remainder when 32598 is divided by 6518.
8
Calculate the remainder when 12369 is divided by 114.
57
Calculate the remainder when 164459 is divided by 82228.
3
What is the remainder when 8161 is divided by 75?
61
Calculate the remainder when 59087 is divided by 748.
743
What is the remainder when 4495 is divided by 1498?
1
What is the remainder when 360822 is divided by 255?
252
What is the remainder when 1475 is divided by 734?
7
Calculate the remainder when 4073 is divided by 253.
25
Calculate the remainder when 148058 is divided by 74012.
34
Calculate the remainder when 2312 is divided by 453.
47
What is the remainder when 202705 is divided by 16887?
61
Calculate the remainder when 11960 is divided by 643.
386
Calculate the remainder when 4482 is divided by 12.
6
What is the remainder when 14369 is divided by 3591?
5
Calculate the remainder when 58466 is divided by 30.
26
Calculate the remainder when 1442 is divided by 33.
23
What is the remainder when 3186 is divided by 187?
7
Calculate the remainder when 3272 is divided by 331.
293
Calculate the remainder when 24730 is divided by 17.
12
Calculate the remainder when 122199 is divided by 61093.
13
Calculate the remainder when 124656 is divided by 7332.
12
Calculate the remainder when 111516 is divided by 37148.
72
What is the remainder when 222457 is divided by 432?
409
Calculate the remainder when 895843 is divided by 687.
682
What is the remainder when 9890 is divided by 1106?
1042
What is the remainder when 13126 is divided by 525?
1
Calculate the remainder when 32357 is divided by 948.
125
Calculate the remainder when 103236 is divided by 9383.
23
What is the remainder when 187986 is divided by 93966?
54
What is the remainder when 1504812 is divided by 13?
10
Calculate the remainder when 83656 is divided by 1230.
16
Calculate the remainder when 8539 is divided by 74.
29
Calculate the remainder when 3352 is divided by 185.
22
Calculate the remainder when 700 is divided by 185.
145
Calculate the remainder when 46014 is divided by 11494.
38
What is the remainder when 1246238 is divided by 911?
901
Calculate the remainder when 31129 is divided by 27.
25
Calculate the remainder when 14415 is divided by 3527.
307
What is the remainder when 296389 is divided by 80?
69
What is the remainder when 7832 is divided by 28?
20
Calculate the remainder when 5126 is divided by 2453.
220
What is the remainder when 12822 is divided by 6410?
2
Calculate the remainder when 13713 is divided by 280.
273
What is the remainder when 1519357 is divided by 64?
61
Calculate the remainder when 15797 is divided by 34.
21
What is the remainder when 2302 is divided by 382?
10
What is the remainder when 10722 is divided by 2675?
22
What is the remainder when 14577 is divided by 2914?
7
What is the remainder when 12919 is divided by 73?
71
Calculate the remainder when 29124 is divided by 4854.
0
What is the remainder when 88 is divided by 69?
19
Calculate the remainder when 10154 is divided by 154.
144
Calculate the remainder when 16940 is divided by 16917.
23
What is the remainder when 57459 is divided by 171?
3
What is the remainder when 3345822 is divided by 15?
12
Calculate the remainder when 8884 is divided by 1751.
129
Calculate the remainder when 5662016 is divided by 42.
38
What is the remainder when 10693 is divided by 368?
21
What is the remainder when 526363 is divided by 273?
19
What is the remainder when 329132 is divided by 935?
12
What is the remainder when 415504 is divided by 68?
24
What is the remainder 